{"id":222,"date":"2023-12-16T09:04:51","date_gmt":"2023-12-16T09:04:51","guid":{"rendered":"https:\/\/www.canotier.com.co\/sitio\/?post_type=product&#038;p=222"},"modified":"2026-01-22T03:21:17","modified_gmt":"2026-01-21T22:21:17","slug":"sombrero-primavera-borsalino-beige-y-blanco-aguadeno","status":"publish","type":"product","link":"https:\/\/www.canotier.com.co\/sitio\/producto\/sombrero-primavera-borsalino-beige-y-blanco-aguadeno\/","title":{"rendered":"Sombrero Primavera Borsalino Beige y Blanco Aguade\u00f1o"},"content":{"rendered":"<p>Sum\u00e9rgete en la autenticidad y la finura del Sombrero primavera Borsalino Beige y Blanco Aguade\u00f1o, elaborado con el tejido com\u00fan extra\u00eddo del cogollo de iraca. Esta pieza representa la tradici\u00f3n arraigada en Colombia, con un toque de distinci\u00f3n. Su tejido fino y su combinaci\u00f3n de colores beige y blanco dan vida a un sombrero tradicional Aguade\u00f1o, una joya de la artesan\u00eda que refleja la autenticidad y la elegancia de la cultura colombiana.<\/p>\n","protected":false},"excerpt":{"rendered":"<p>Descubre la aut\u00e9ntica tradici\u00f3n con el Sombrero Primavera Borsalino Beige y Blanco Aguade\u00f1o, tejido fino extra\u00eddo del cogollo de iraca.<\/p>\n","protected":false},"featured_media":223,"comment_status":"open","ping_status":"closed","template":"","meta":{"_et_pb_use_builder":"","_et_pb_old_content":"","_et_gb_content_width":"","om_disable_all_campaigns":false,"_monsterinsights_skip_tracking":false,"_monsterinsights_sitenote_active":false,"_monsterinsights_sitenote_note":"","_monsterinsights_sitenote_category":0,"_uf_show_specific_survey":0,"_uf_disable_surveys":false,"_joinchat":[]},"product_cat":[22],"product_tag":[33,36,23,34,39,38,35],"class_list":{"0":"post-222","1":"product","2":"type-product","3":"status-publish","4":"has-post-thumbnail","6":"product_cat-sombreros-artesanales","7":"product_tag-100-hecho-a-mano","8":"product_tag-artesania-autentica","9":"product_tag-artesania-colombiana","10":"product_tag-sombrero-aguadeno","11":"product_tag-tejido-de-iraca","12":"product_tag-tejido-fino","13":"product_tag-tradicion-colombiana","15":"first","16":"instock","17":"shipping-taxable","18":"purchasable","19":"product-type-simple"},"aioseo_notices":[],"_links":{"self":[{"href":"https:\/\/www.canotier.com.co\/sitio\/wp-json\/wp\/v2\/product\/222"}],"collection":[{"href":"https:\/\/www.canotier.com.co\/sitio\/wp-json\/wp\/v2\/product"}],"about":[{"href":"https:\/\/www.canotier.com.co\/sitio\/wp-json\/wp\/v2\/types\/product"}],"replies":[{"embeddable":true,"href":"https:\/\/www.canotier.com.co\/sitio\/wp-json\/wp\/v2\/comments?post=222"}],"wp:featuredmedia":[{"embeddable":true,"href":"https:\/\/www.canotier.com.co\/sitio\/wp-json\/wp\/v2\/media\/223"}],"wp:attachment":[{"href":"https:\/\/www.canotier.com.co\/sitio\/wp-json\/wp\/v2\/media?parent=222"}],"wp:term":[{"taxonomy":"product_cat","embeddable":true,"href":"https:\/\/www.canotier.com.co\/sitio\/wp-json\/wp\/v2\/product_cat?post=222"},{"taxonomy":"product_tag","embeddable":true,"href":"https:\/\/www.canotier.com.co\/sitio\/wp-json\/wp\/v2\/product_tag?post=222"}],"curies":[{"name":"wp","href":"https:\/\/api.w.org\/{rel}","templated":true}]}}

Sombrero Primavera Borsalino Beige y Blanco Aguadeño

<p>Sumérgete en la autenticidad y la finura del Sombrero primavera Borsalino Beige y Blanco Aguadeño, elaborado con el tejido común extraído del cogollo de iraca. Esta pieza representa la tradición arraigada en Colombia, con un toque de distinción. Su tejido fino y su combinación de colores beige y blanco dan vida a un sombrero tradicional Aguadeño, una joya de la artesanía que refleja la autenticidad y la elegancia de la cultura colombiana.</p>

<p>Descubre la auténtica tradición con el Sombrero Primavera Borsalino Beige y Blanco Aguadeño, tejido fino extraído del cogollo de iraca.</p>
